tive of -h**4/12 + h**3/3 - 3*h**2/2 - 2*h. Let x(n) = 7*n - 14*n + 0*n**3 - 2*n**2 - 3 + 10*n + n**3. Let f be x(2). Give u(f).
-6
Let p(c) = c**2 - 6*c - 2. Suppose -4*h + 0*h - 40 = 3*b, b + h + 14 = 0. Suppose -6*f + 10*f - 4*t - 76 = 0, -2*f + 4*t + 30 = 0. Let z = b + f. Give p(z).
5
Let h(i) = 8*i + 9*i**2 - 5*i**2 - 4*i**2 + 3 - i**2. Let t(p) = 2*p + 26. Let g be t(-10). Determine h(g).
15
Suppose -5*s = 5*x - 20 - 20, 2*s - 22 = -5*x. Let o(z) = -z**3 + 5*z - 5. Let k(d) = -d**2. Let r(i) = 5*k(i) - o(i). What is r(s)?
11
Let r(o) = o - 1. Suppose -4*d - 5*b + 27 = -2*d, b - 10 = -5*d. Let k be (-1 + d)*1/(-2). Suppose 5 = -f - k. What is r(f)?
-6
Let l(m) = -m**2 - 25*m - 20. Let y = -758 + 734. Determine l(y).
4
Let i(t) = 8*t - 17. Let h(z) = 3*z - 6. Let q(c) = 11*h(c) - 4*i(c). Give q(8).
10
Let z = -307 + 310. Let k(w) = w**2 - 6*w + 7. Calculate k(z).
-2
Let m(d) = -d**2 + 1. Let z be (2/6)/((-6)/90). Determine m(z).
-24
Let j(y) = -y**3 - 9*y**2 - 6*y + 16. Let s be j(-8). Let o(c) = c**2 - 13. What is o(s)?
-13
Suppose 5 = 4*w - 5*i, 2*w - 14 = -4*i - 44. Let j(c) = -3*c + 1. Calculate j(w).
16
Let l(z) = -z. Let y(i) = 2*i - 15. Let s(w) = -3*l(w) - y(w). Let g(m) = -9*m**3 - m**2 + 2*m - 1. Let a be g(1). Calculate s(a).
6
Let p = -4 + 8. Let b(x) = x**3 + 3*x + 2 - 4 + 3 - 5*x**2. Let v be b(p). Let g(z) = z**2 + 3*z + 3. Calculate g(v).
3
Suppose -3*p = 4*x + 84, 13*x + 8*p - 22 = 16*x. Let w(h) = h**3 + 18*h**2 - 2*h - 28. What is w(x)?
8
Let t(w) = 2*w**3 - 2*w + 73 - 3*w**3 + 7*w**2 - 69. Let s(y) = -2*y**3 + 14*y**2 - 3*y + 9. Let m(x) = 3*s(x) - 7*t(x). Let p be 12/15*15/2. What is m(p)?
-7
Let g(a) = 2*a**3 + 2*a - a**3 + 5*a**2 - a. Suppose 163 = -43*d + 34 - 43. Determine g(d).
12
Let g(l) = -l**2 + 3*l + 4. Suppose 5*u + 29*f - 35 = 34*f, 3*f = -2*u - 6. Give g(u).
4
Let x(b) = 15*b**3 + b**2. Let z be x(-1). Let y be (-154)/12 + -3*1/18. Let u = z - y. Let t(g) = -11*g. Give t(u).
11
Suppose -3*n = -5*n - 4*l + 20, 3*n = 2*l - 10. Let q(i) = i**2 + 5*i + 5. Let p be q(-5). Suppose j + p = -n*j. Let w(b) = -b - 8. Calculate w(j).
-3
Let p(a) = -a**3 + 7*a**2 - 4*a. Let z(x) = 2*x**3 + 2*x**2 - 1. Let i be z(1). Determine p(i).
24
Suppose -6 = 3*w - o, 3*w - 4*o - 4 + 1 = 0. Let u(l) = -3*l**3 - 3*l**2 - 2*l. What is u(w)?
60
Let c(b) = 2 + 7*b**2 - b - 8*b**2 - 10*b. Let f be c(-11). Let x(q) = 4*q**2 + q**f + 2 + q - 6*q**2. Determine x(3).
-4
Let m be ((-15)/9)/(1/3). Let z = m + 2. Let v(u) be the second derivative of -7*u**3/6 - 2*u**2 + 19*u. What is v(z)?
17
Let f(r) = r**3 + r**2 - 5*r - 2. Let w = -11 + 8. Let c be f(w). Let z(l) = -4 + 2*l + 5*l - 5*l - 3*l. Give z(c).
1
Let b(x) be the second derivative of 1/24*x**4 + 0 - 1/60*x**5 + 1/90*x**6 + 0*x**2 - 4/3*x**3 - x. Let r(d) be the second derivative of b(d). Determine r(1).
3
Let g(s) = -10*s + 19. Let f(l) = 19*l - 42. Let z(d) = 4*f(d) + 9*g(d). What is z(3)?
-39
Let o(i) = -i + 2. Suppose 2*f = 8 - 2. Suppose -2*v = f*j - 2, 5*j - 4 = v - 4*v. What is o(v)?
4
Suppose 0 = -4*f + 4*c - 96, f + 34 = 4*c + 1. Let m(x) = 4*x - 5. Let s be m(5). Let v = f + s. Let t(w) = w + 8. Determine t(v).
2
Let w(t) be the third derivative of 5*t**4/12 - t**2 + 6*t. Let j(m) = -m + 7. Let p be j(5). Suppose 0 = -k - k + p. Determine w(k).
10
Let g(u) = -23 - 2 - 2*u + 19. What is g(7)?
-20
Suppose -9*l = -4 + 22. Let d(y) = -2*y**3 + 4*y**2 + 9*y + 14. Let g(k) = -k**3 + 3*k**2 + 6*k + 9. Let n(w) = -5*d(w) + 8*g(w). Calculate n(l).
-4
Suppose -p = 2*u - 8, 19 = 5*p + 4*u - u. Let q be (-15)/(-20) + 5/4. Let j(x) = x**2 - 6*x - q*x**3 - 5*x + 13*x. Determine j(p).
-8
Let a(h) = 3*h**3 - 8*h**2 - 5*h + 12. Let g(x) = x**3 - x**2 - x + 2. Let d(s) = a(s) - 8*g(s). Determine d(2).
-38
Let a(u) = u + 3. Suppose 2*j - 40 = 7*j + 5*v, 0 = 5*v + 10. Let b be (-130)/(-39) - (-2)/j. Give a(b).
6
Suppose 0 = -2*t - o + 3*o + 20, 4*t + 4*o - 16 = 0. Let p(y) = -y + 9. Let c be p(t). Let l(u) = -2*u**2 + 6*u - 5 - 2*u**2 - 3 - u**3 - u**c. Calculate l(-6).
-8
Let c(m) = 5*m + 27. Let l be c(-5). Let n(b) = 38*b - 22*b - 1 + b**l - 21*b. Determine n(6).
5
Let o(m) = -m**3 + 6*m**2 + 3*m - 4. Let l(z) = -z + 24. Let y be l(18). Determine o(y).
14
Suppose -13*z + 64 = -5*z. Let b(x) be the first derivative of x**4/4 - 8*x**3/3 - 6*x - 6. What is b(z)?
-6
Let b(h) = 2*h - 15. Suppose 21*v = 9*v + 60. Determine b(v).
-5
Let w(s) = s**3 + s**2 - 3. Suppose -2*l - l + 3 = 0. Let z = l + -15. Let a = z + 14. What is w(a)?
-3
Suppose 0*u + u = -4. Let m(o) = -o - 2. Let b(i) = 7*i - 5*i - 3*i + 15 + 7*i. Let y(r) = -b(r) - 5*m(r). Calculate y(u).
-1
Suppose -4*s = -9*s + 15. Suppose r + 4*f + 3 = 0, 0*r + r - s*f + 3 = 0. Let w(c) = c**2 + 0*c**2 - 2*c**2 - 1 + 0*c**2 - 38*c + 35*c. What is w(r)?
-1
Let a(y) = y**2 + 9855*y - 9855*y. Determine a(-1).
1
Let p = -109 + 107. Let g(k) = -6*k**2 - k**2 + 5*k**2 + k**3 + 3*k**2. Give g(p).
-4
Let h(w) = w - 7. Let b be (375/10)/(-25) - 6/4. Give h(b).
-10
Suppose 3 = -2*c + 1. Let q(j) = -j**3 + j - 1. Let a(g) = 4*g**3 - g**2 - 4*g - 7. Let l(p) = c*a(p) - 3*q(p). Calculate l(0).
10
Let p(x) be the third derivative of -1/12*x**4 + 1/12*x**6 + 0*x - 1/6*x**3 + 0 - 16*x**2 + 0*x**5. Calculate p(-1).
-9
Let h(a) = -a**3 - 8*a**2 + 2. Let w be (-7)/21 - 69/9. Let u be h(w). Let r(b) = b**3 - b + 2. Give r(u).
8
Let b(d) = -d**3 + 3*d**2 + 4*d + 2. Let h(t) = t**3 - 6*t**2 + 3*t + 8. Let a = -8 + 13. Let c be h(a). What is b(c)?
14
Let a = -27 - -36. Let o(i) = -a*i + 9*i + i + 1. Give o(-2).
-1
Let i(k) = 51*k**2 - k - 1. Let j be (-42 - -47) + (-18)/((-9)/(-3)). What is i(j)?
51
Suppose -21 = -4*h - 1. Suppose -3*n + 6 = -n. Let j(r) = -r - 10*r**2 - 4*r + 5 + r**n + 6*r**2. Give j(h).
5
Let f(x) = x**3 - 12*x**2 + 10*x + 1. Let o = -128 + 139. Determine f(o).
-10
Let g(i) = 44*i - 5. Let f(r) = -r + 2. Let u(q) = 3*f(q) + g(q). Determine u(-1).
-40
Let k(d) = -3*d**2 - 9*d + 3. Let x be k(-3). Let v(r) = r**3 - r**2 - 11 + 0*r**x - 5*r**2 + r - 6*r**2. Give v(12).
1
Suppose u - 3*g + 9 = -4, -5 = -5*u + g. Let h(s) = 24*s**2 - 3 - 15*s**u - s**3 - 6. Give h(9).
-9
Let x(n) = n**2 + 8. Let b(t) = t**2 - 10*t - 19. Let k be b(12). Suppose 0 = -g - 5 + k. Give x(g).
8
Let w = -35 + 25. Let a = -14 - w. Let y(g) = -g**2 - 5*g + 2. What is y(a)?
6
Let m be 899/(-155) + 8/10. Let d(t) = 6*t + 5. Determine d(m).
-25
Suppose -19*l + 77 = 20. Let f(p) = p**2 - l*p + 35 - 34 + 5*p - p**3. Determine f(-2).
9
Let j(r) = -27. Let m(o) = o - 27. Let g(n) = -4*j(n) + 5*m(n). Let x be g(6). Let c(w) be the second derivative of -w**3/6 + 3*w**2/2 + 2*w. Give c(x).
0
Let d be (4/(-3))/((-4)/(-12)). Let h(r) = -r**2 - 6*r - 4. Let i be h(d). Let g(t) = 0*t + 5 + 3*t - i*t. What is g(5)?
0
Let f be 1/((-2)/((-40)/(-4))). Let w = f - -8. Let u be (w/9)/(3/(-18)). Let l(d) = 5*d - 2. Give l(u).
-12
Let w = -145 + 158. Let q(h) = -h**2 + 11*h + 30. What is q(w)?
4
Let j(g) be the first derivative of g**4/4 - 16*g**3/3 + 8*g**2 - 12*g + 176. Give j(15).
3
Let a = 793 - 798. Let v(y) be the second derivative of y**4/6 + 5*y**3/6 - y**2 - 7*y. Give v(a).
23
Let k(v) be the first derivative of 36 + v - 1/2*v**2. Calculate k(-4).
5
Let o(w) = w + 1. Let d = -221 - -227. What is o(d)?
7
Let s(o) = 2*o - 7. Let f(t) = -2*t + 6. Let p(z) = z + 1. Let i be p(4). Let j(b) = i*f(b) + 4*s(b). Give j(4).
-6
Let c = -5 + 4. Let j(l) = -l. Let y(r) = 12*r - 6. Let m be (1 + 2)/((-5)/25). Let t(x) = c*y(x) + m*j(x). Determine t(-4).
-6
Suppose -4*d + c - 6*c + 31 = 0, -3*c + 13 = d. Let x(g) = 2*g + d + 5*g - g - 2*g - g**2. What is x(4)?
4
Suppose 0 = 6*v - 10*v + 292. Let t = v + -35. Suppose 4*s + 14 = t. Let o(u) = u**3 - 5*u**2 - 6*u + 1. Calculate o(s).
1
Let u(y) = -y**3 - 5*y**2 - 5*y. Suppose k + 5*f = -20, -2*k - 63*f + 67*f = -2. Calculate u(k).
25
Let h(z) be the second derivative of z**3 - 46*z + 0*z**3 + 30*z. Calculate h(-1).
-6
Let g(d) = d**2 + 6*d + 4. Let p(w) = 2*w**2 + 11*w + 7. Let j(x) = -5*g(x) + 3*p(x). Let a(f) = -2*f**3 + 82*f**2 + 2*f - 86. Let y be a(41). Calculate j(y).
5
Let l(z) = -z**2 - 9*z - 4. Let u = -615 - -606. Calculate l(u).
-4
Let o = -119 - -117. Let j(d) = d**2 + 3*d + 5. What is j(o)?
3
Let c(a) = -7*a**3 - a**2 + 2*a - 2. Let u be